 - 34. Let u(s) = -4*a(s) + i(s). What is u(-10)?
2
Let b(n) be the first derivative of 15*n**4/4 + n**2/2 + n + 111. Let y be ((-1)/3)/((-3)/(-9)). Calculate b(y).
-15
Let s(d) = -277 + 5*d - 231 + 509. Give s(-2).
-9
Let h(b) be the first derivative of b**2/2 + 2*b + 5. Let z be h(0). Let v(c) = 8*c**2 - c**3 + z*c + 5*c + 6 - 3*c - 11*c**2. Calculate v(-4).
6
Let x(d) be the first derivative of d**3/3 + 5*d**2/2 + 91. Let w = -36 + 30. What is x(w)?
6
Suppose l + 0*l = -45. Let i = l - -51. Let o(z) = 2*z - 6. Give o(i).
6
Let t be 0/(-4 - -3 - -3). Let x = 5 + t. Let c(s) = s**2 - 8*s + 6. Give c(x).
-9
Let b(z) be the first derivative of -3/2*z**2 - 5*z - 23 + 1/3*z**3. Determine b(4).
-1
Let v(k) = k - 8. Suppose -3*f - a = -13, -a - 2 = 5*f - 27. Calculate v(f).
-2
Let x(t) be the first derivative of t**4/4 - t**3/3 - 2*t**2 - 3*t + 2. Suppose k = -11 + 27. Suppose -4*i - k = 2*z + 2*z, i - 4 = 3*z. Calculate x(i).
-7
Let s(b) = -4*b - 5 + 4 + 3*b. Let k(f) be the second derivative of f**5/10 + f**4/6 + 3*f**2/2 - 5*f. Let l be k(-2). Determine s(l).
4
Let d(h) = h + 6. Let l be 9/(-2) - (-9)/6. Let o be 240/70 - l/(-7). Suppose 5*t = -2*p - 39, -o*p + 2*p + 2*t + 3 = 0. Give d(p).
-1
Let g(v) = -v**2 + 4*v - 4. Let s = 25 + -21. Suppose 15 = s*n + n. Give g(n).
-1
Let a(c) = -c**2 - c. Suppose 4*u + u - 4*m - 47 = 0, 0 = 3*u + 5*m - 43. Let q(o) = 0 - 7 + u*o - 1 + 3*o**2 + 3*o**2. Let n(z) = -5*a(z) - q(z). Give n(-6).
8
Let b(k) = k**2 + 3*k + 3. Let f(h) = 2*h**3 - 4*h**2 - 2. Let g be f(2). Give b(g).
1
Let m(o) = -o**2 - 11*o - 33. Let p be m(-8). Let i(k) = 12 - 5 - k + k**3 - 13 + 9*k**2. What is i(p)?
3
Let s(g) = -5*g**3 - 5*g**2 - 4*g - 2. Let r(y) = -7*y**3 - 5*y**2 - 5*y - 1. Let c(m) = 2*r(m) - 3*s(m). Determine c(-5).
-6
Let s(o) = 5*o**3 + 32*o**2 - 4*o + 46. Let f(l) = 9*l**3 + 63*l**2 - 7*l + 80. Let a(b) = -4*f(b) + 7*s(b). What is a(-28)?
2
Suppose 0 = s - 2. Suppose 2*u = 13 - 17. Let m be s/u*-2 - -3. Let z(x) = 2*x - 2. What is z(m)?
8
Let m(k) = 3*k + 50. Let w be m(-23). Let z = w + 19. Let h(x) = x**3 - x**2 - 19. What is h(z)?
-19
Let v = 37/732 - -2/61. Let g(h) be the third derivative of 0 + 1/6*h**3 + 0*h - h**2 + v*h**4. Determine g(-2).
-3
Let l = -902 - -898. Let b(v) = 7*v + 2. Calculate b(l).
-26
Let k(z) = z**2 - z + 3. Let t be (-17)/(2890/(-20)) + (-2)/17. Determine k(t).
3
Let j(d) be the first derivative of -d**2 + 6*d + 1. Suppose 10 = 5*z - 0*z. Suppose -5*o + 21 = -z*w, 0*o - 18 = -2*o - 4*w. Calculate j(o).
-4
Let t(s) = -7*s**2 - 3*s - 2. Let w(h) = -8*h + 247. Let f be w(31). Give t(f).
-6
Let u be (-1)/(1*(-1)/(-3)). Let o(k) = -3*k**2 - 10*k - 9. Let d(f) = f**2 + 3*f + 2. Let l(b) = 4*d(b) + o(b). Calculate l(u).
2
Let r(q) = -q + 2 + 2 - 5 - q**3 - q**2. Let m(t) = -3 - 7*t - t**2 - 2 - 3. Let l be m(-6). Give r(l).
5
Suppose -32*j - 11 + 139 = 0. Let u(p) = p**3 - 5*p**2 + 6*p - 5. Give u(j).
3
Let n(j) = j**2 + 2*j + 2. Let i be n(-2). Let v(r) = r**2 + 4. Let w be v(0). Let p(k) = -4*k**2 - 3*k + w*k + k**3 - 7*k - i + 1. Give p(5).
-6
Let s be (-2)/4 + (-330)/(-20). Suppose -11 - s = -3*a. Let n(g) = g**2 - 10*g + 5. Give n(a).
-4
Let a(r) = -4*r - 12. Let v(q) = 34*q - 448. Let k be v(13). What is a(k)?
12
Let s(y) be the third derivative of y**5/30 - 7*y**4/24 - 5*y**3/3 - 7*y**2 - 32. Calculate s(8).
62
Let z(j) = -2*j**2 - 639 - 2*j + 325 + 315 - 2*j**2 - j**3. What is z(-5)?
36
Let u(o) = -4*o**2 + 13*o - 9. Let b be u(3). Let m(x) = x**2 + 10*x + 15. Give m(b).
-9
Let g(l) = 8*l**2 - 4*l. Suppose 63*s - 39 - 24 = 0. Determine g(s).
4
Let f(a) = 3*a**2 - 4*a + 1. Let b(q) = q**3 + 12*q**2 - 2. Let r be b(-12). Let n(y) = y**2 + y + 1. Let l(c) = r*n(c) + f(c). Calculate l(7).
6
Let y(f) = -f + 13. Let k be y(12). Suppose k = -2*l + 7. Let g(q) = 221*q**2 + 4*q + 0*q - 222*q**2. Determine g(l).
3
Let c = -3 - 3. Let q(f) = -4*f**2 + 45*f - 39. Let m(a) = -3*a**2 + 32*a - 29. Let u(x) = 11*m(x) - 8*q(x). Calculate u(c).
5
Let h be (6/8)/(2/48). Let p(c) = -3 + 12*c - h*c - 3*c**2 + 4*c**2 - 2*c**2. Suppose 0 = m - 0*o - o + 8, -3*m - 3*o - 12 = 0. What is p(m)?
-3
Suppose 0 = -2*i + 4*b + 6, -5*i - b - 2*b - 37 = 0. Let g be 2/(-3)*30/i. Let t(v) = v**3 - 3*v**2 - 3*v + 3. Determine t(g).
7
Let b(j) = -45*j + 15 + 88*j - 46*j. Calculate b(6).
-3
Let r(u) = 5*u - 1022 + 512 + 509. Calculate r(4).
19
Suppose -2*l + 14 = -4*q + 8, -2*l = -2*q - 6. Let m = 108 - 20. Let w(t) = -4*t + 3*t + 93*t**l + 2*t**2 - m*t**3. Determine w(1).
6
Let x(p) = p**2 + 4*p + 9. Suppose 0*v + 5*d = -5*v + 5, -5 = -5*v - d. Let c = -7 + v. What is x(c)?
21
Suppose 3*z - 7*z + 4 = 0. Let j(t) = 6*t**2 - 2*t + 2. Let i be j(z). Let l(b) = -2*b**2 - 5 - 3*b**2 - 37*b + 32*b + b**3. What is l(i)?
1
Let h(f) = f**3 + 11*f**2 - 10. Suppose -128 = -18*j - 326. What is h(j)?
-10
Let d(n) be the first derivative of n**2/2 + 6*n + 46. Suppose -2*k + 3*k - 5 = 0. Let y = 0 - k. Determine d(y).
1
Let v(j) = -j**2 + 2*j + 4. Let z be v(4). Let q = 5 - 9. Let i be (-2)/z*q + 1. Let a(m) = 11*m**3 - 1. Calculate a(i).
-12
Let t(g) = -2*g - 2. Suppose -5*s = d - 90, 2*s + 2*d = 3*s - 18. Let i = s - 15. Give t(i).
-8
Let p(x) be the first derivative of 1/3*x**3 - x - 3/2*x**2 - 16. Determine p(2).
-3
Let c(g) = -g + g**2 + 7*g + 2 + 0*g. Let y(r) be the third derivative of r**5/60 + 11*r**4/12 - r**3 + 20*r**2. Let q be y(-22). What is c(q)?
2
Let l be -2 + (1 - 0) + 6. Let m(w) = 5*w + 5*w - l*w. Suppose 6*t = 5*t + s - 4, -4*s + 14 = -2*t. Give m(t).
-5
Let s(m) be the first derivative of 15*m**4/4 + m - 282. Give s(-1).
-14
Let o(u) = -u**2 - 6*u + 4. Let d(r) = 13*r**2 - 5*r - 5. Let q be d(-2). Let m = 31 - q. Let g = m - -21. Determine o(g).
9
Let c be (-3)/6 - 7/(-2). Let o(a) = 5*a**2 + 0 - 6 - c + 1 - a**3 + 6*a. Let i(q) = -q**2 + 5*q + 6. Let s be i(5). Determine o(s).
-8
Let a(x) = 2*x**2 - 5*x - 10. Suppose 1473 = 9*p + 1491. Determine a(p).
8
Let x(t) = t**3 + 13*t**2 + 13*t - 4. Suppose 7*l + 65 + 19 = 0. Give x(l).
-16
Let x = -7 + 4. Let i(k) = k**3 - 5*k**2 - k + 7. Let v be i(5). Let y(s) = 2*s - 4. Let c(u) = -u + 1. Let p(r) = v*y(r) + 6*c(r). Give p(x).
4
Let r(a) = -a**3 + 14*a**2 + 17*a - 13. Let s = 8 + 7. What is r(s)?
17
Suppose 8*a = -108 + 132. Let h(f) = 2*f**3 - f**2 - 3*f. Determine h(a).
36
Let x(o) = 3 - 8*o + 3 + o**2 + o. Let s(k) = 186 - 188 + 0*k - k. Let w be s(-8). Give x(w).
0
Let q be 27/63*(-70)/(-6). Let w(l) = l**3 - 3*l**2 - 6*l + 9. Determine w(q).
29
Let c(f) = -3*f + 4. Let x(w) = -w + 17 - 27 + 11. Let z(j) = -2*c(j) + 7*x(j). What is z(5)?
-6
Let f(q) = -q**3 + 4*q + 5*q + 4*q**2 - 3*q + 4. Suppose i = -12 - 15. Let x = i + 32. What is f(x)?
9
Suppose 3*f + 6 = 6*f. Let u(d) be the second derivative of 3/20*d**5 + 0*d**2 + 0*d**3 + 2 - 9*d - 1/4*d**4. Calculate u(f).
12
Let k(q) = q**2 + 22*q + 100. Let o be k(-7). Let d(i) = 7*i - 8. Calculate d(o).
-43
Let j(f) be the third derivative of -f**4/2 + f**3/6 - 105*f**2. Calculate j(-1).
13
Let z(b) = 2*b - 6. Suppose -4*u + 2*m - 8 = 0, 2*m - 2 - 2 = 0. Let h be 30/(-8)*(u - -5). Let p = -11 - h. Determine z(p).
2
Let y = 4 - -1. Let t(a) = 2*a - 3. Let c(x) = -2*x + 4. Let h(j) = y*t(j) + 4*c(j). Give h(2).
5
Suppose 240 = -4*n - 2*n. Let l = n + 38. Let o(z) = -z**2 - 4*z + 1. What is o(l)?
5
Let h(d) be the second derivative of -2/3*d**3 - 1/20*d**5 + 0 + 13*d - 1/2*d**4 + 0*d**2. Suppose -25 = 3*x + b - 3*b, 0 = -5*x + 5*b - 50. What is h(x)?
-5
Let f = -32 - -28. Let r(t) = 1 + 15828*t - 15826*t + 4. What is r(f)?
-3
Let u(x) = 3*x + 0*x**2 - 3*x**2 + 10 - 6*x. Let d(y) = 2*y**2 + 2*y - 7. Let v(n) = -7*d(n) - 5*u(n). Suppose -9 = g + 3*c, c = 5*c + 8. Give v(g).
5
Let d(h) = -h**2 + 2*h + 5. Let t = 14 + -11. Let z be d(t). Suppose 5*c + 8 - 3 = 5*r, -z*c = 3*r + 17. Let l(n) = n - 3. Calculate l(r).
-6
Let k(c) = 4*c + 2. Suppose -4*a = 11*u - 6*u - 29, -3*a = u - 8. Calculate k(a).
6
Let b(w) = w - 2. Let x(f) = 10*f + 5. Let v(a) = -b(a) - x(a). Calculate v(-2).
19
Let u(n) = 2*n + 1 + 2*n - 2*n. Let r be (-558)/78 - -9 - 2/(-13). Give u(r).
5
Let z = -17 + 23. Let i(h) = h**2. Let p(a) = 5*a**2 - 8*a - 3. Let u(f) = z*i(f) - p(f). Let r = 16 + -24. What is u(r)?
3
Let m = -26 + 13. Let i(p) = -4*p + 6. Let 